{"id":15,"date":"2017-04-11T07:03:08","date_gmt":"2017-04-11T07:03:08","guid":{"rendered":"http:\/\/cms.buchhalter-tumovec.de\/?page_id=15"},"modified":"2019-11-25T09:53:09","modified_gmt":"2019-11-25T09:53:09","slug":"links","status":"publish","type":"page","link":"https:\/\/www.buchhalter-tumovec.de\/?page_id=15","title":{"rendered":"Links"},"content":{"rendered":"<p><img loading=\"lazy\" decoding=\"async\" class=\"size-full wp-image-94 alignright\" src=\"https:\/\/www.buchhalter-tumovec.de\/wp-content\/uploads\/2017\/04\/daspferdmeincoach_logo.png\" alt=\"\" width=\"285\" height=\"177\" \/><\/p>\n<p>&nbsp;<\/p>\n<p><a href=\"http:\/\/www.das-pferd-mein-coach.de\" target=\"_blank\" rel=\"noopener noreferrer\">www.das-pferd-mein-coach.de <\/a><\/p>\n<p>(Spiegel der Pers\u00f6nlichkeit, Coaching f\u00fcr F\u00fchrungskr\u00e4fte, Teambildung und Gesundheitsmanagement)<\/p>\n","protected":false},"excerpt":{"rendered":"<p>&nbsp; www.das-pferd-mein-coach.de (Spiegel der Pers\u00f6nlichkeit, Coaching f\u00fcr F\u00fchrungskr\u00e4fte, Teambildung und Gesundheitsmanagement)<\/p>\n","protected":false},"author":1,"featured_media":0,"parent":0,"menu_order":10,"comment_status":"closed","ping_status":"closed","template":"","meta":{"footnotes":""},"class_list":["post-15","page","type-page","status-publish","hentry"],"_links":{"self":[{"href":"https:\/\/www.buchhalter-tumovec.de\/index.php?rest_route=\/wp\/v2\/pages\/15","targetHints":{"allow":["GET"]}}],"collection":[{"href":"https:\/\/www.buchhalter-tumovec.de\/index.php?rest_route=\/wp\/v2\/pages"}],"about":[{"href":"https:\/\/www.buchhalter-tumovec.de\/index.php?rest_route=\/wp\/v2\/types\/page"}],"author":[{"embeddable":true,"href":"https:\/\/www.buchhalter-tumovec.de\/index.php?rest_route=\/wp\/v2\/users\/1"}],"replies":[{"embeddable":true,"href":"https:\/\/www.buchhalter-tumovec.de\/index.php?rest_route=%2Fwp%2Fv2%2Fcomments&post=15"}],"version-history":[{"count":6,"href":"https:\/\/www.buchhalter-tumovec.de\/index.php?rest_route=\/wp\/v2\/pages\/15\/revisions"}],"predecessor-version":[{"id":98,"href":"https:\/\/www.buchhalter-tumovec.de\/index.php?rest_route=\/wp\/v2\/pages\/15\/revisions\/98"}],"wp:attachment":[{"href":"https:\/\/www.buchhalter-tumovec.de\/index.php?rest_route=%2Fwp%2Fv2%2Fmedia&parent=15"}],"curies":[{"name":"wp","href":"https:\/\/api.w.org\/{rel}","templated":true}]}}