{"id":124,"date":"2019-11-21T10:11:04","date_gmt":"2019-11-21T10:11:04","guid":{"rendered":"http:\/\/www.buchhalter-tumovec.de\/?page_id=124"},"modified":"2025-11-04T12:51:44","modified_gmt":"2025-11-04T12:51:44","slug":"schulungen","status":"publish","type":"page","link":"https:\/\/www.buchhalter-tumovec.de\/?page_id=124","title":{"rendered":"Schulungen"},"content":{"rendered":"\n<ul class=\"wp-block-list\">\n<li><strong>Jahreswechselschulung<\/strong><\/li>\n\n\n\n<li><strong>betriebliche Altersvorsorge<\/strong><\/li>\n\n\n\n<li><strong>besondere Personengruppen<\/strong><\/li>\n\n\n\n<li><strong>Grundlagen der Entgeltabrechnung (kompakt)<\/strong>  <\/li>\n<\/ul>\n\n\n\n<p class=\"has-vivid-red-color has-text-color\"><\/p>\n\n\n\n<p class=\"has-vivid-red-color has-text-color\" style=\"font-size:24px\"><\/p>\n\n\n\n<ul class=\"wp-block-list\">\n<li><strong>Altersteilzeit<\/strong><\/li>\n\n\n\n<li><strong>Abrechnung von Rentnern\/Pension<\/strong><\/li>\n\n\n\n<li><strong>Studenten\/Praktikanten<\/strong><\/li>\n\n\n\n<li><strong>Geldwerte Vorteile ( Firmenwagen &amp; Rabatte)<\/strong><\/li>\n\n\n\n<li> <strong>Pf\u00e4ndung <\/strong><\/li>\n\n\n\n<li><strong>Mutterschutz<\/strong><\/li>\n<\/ul>\n\n\n\n<hr class=\"wp-block-separator has-css-opacity\"\/>\n\n\n\n<p class=\"has-vivid-red-color has-text-color\"><\/p>\n\n\n\n<hr class=\"wp-block-separator has-css-opacity\"\/>\n\n\n\n<p>Indiviuelle Termine zu unseren Schulungen sind gern auf Anfrage m\u00f6glich. Wir bieten unsere Lehrg\u00e4nge als Pr\u00e4senzschulung oder als Onlineschulung an.  <\/p>\n\n\n\n<p>In Hinsicht auf die f\u00fcr uns schwierige Zeit konnten wir f\u00fcr uns neue Vorteile entdecken. <\/p>\n\n\n\n<p><strong>die Onlineschulung!<\/strong><\/p>\n\n\n\n<p>F\u00fcr Sie hat dieses Variante viele Vorteile:<\/p>\n\n\n\n<ul class=\"wp-block-list\">\n<li>Mitarbeiter k\u00f6nnen aus verschiedenen Standorten teilnehmen<\/li>\n\n\n\n<li>keine R\u00e4umlicheabh\u00e4ngigkeit (selbst von Zuhause)<\/li>\n\n\n\n<li>keine Reisekosten<\/li>\n\n\n\n<li>kein Mindestabstand oder Mundschutz<\/li>\n<\/ul>\n\n\n\n<p><strong>F\u00fcr Anmeldungen oder Anfragen nutzen Sie bitte unser Kontaktformular.<\/strong> <\/p>\n\n\n\n<form enctype=\"multipart\/form-data\" method=\"post\" id=\"psfb135\" action=\"https:\/\/www.buchhalter-tumovec.de\/?page_id=124\" class=\"planso-form-builder\" data-id=\"135\" data-cnt=\"1\" id=\"planso_forms_135_1\" data-locale=\"de\" data-locale_long=\"de_DE\" data-datepicker=\"bootstrap-datetimepicker\" data-date_format=\"F j, Y\" data-moment_date_format=\"MMMM D, YYYY\" data-jqueryui_date_format=\"MM d, yy\" data-eternicode_date_format=\"MM d, yyyy\"><div class=\"container-fluid\"><input type=\"hidden\" name=\"psfb_pageurl\" value=\"https:\/\/www.buchhalter-tumovec.de\/?page_id=124\"\/><input type=\"hidden\" name=\"psfb_userip\" value=\"216.73.216.118\"\/><input type=\"hidden\" name=\"psfb_useragent\" value=\"Mozilla\/5.0 AppleWebKit\/537.36 (KHTML, like Gecko; compatible; ClaudeBot\/1.0; +claudebot@anthropic.com)\"\/><input type=\"hidden\" name=\"psfb_landingpage\" value=\"http:\/\/www.buchhalter-tumovec.de\/index.php?rest_route=%2Fwp%2Fv2%2Fpages%2F124\"\/><input type=\"hidden\" name=\"psfb_referer\" value=\"Direct\"\/><input type=\"hidden\" name=\"psfb_page_id\" value=\"124\"\/><input type=\"hidden\" name=\"psfb_form_submit\" value=\"1\"\/><input type=\"hidden\" name=\"psfb_form_id\" value=\"135\"\/><input type=\"hidden\" name=\"psfb_form_cnt\" value=\"1\"\/><div style=\"display:none\"><input type=\"text\" name=\"psfb_hon_as\"\/><\/div><div style=\"display:none\"><input type=\"text\" name=\"psfb_hon_as2\" id=\"psfb_hon_as2_135_1\" value=\"e71261a6eb6921e033d9693e6f939daf\"\/><\/div><div style=\"display:none\"><input type=\"text\" name=\"psfb_cnt_check\" value=\"1\"\/><\/div><div class=\"row\"><div class=\"col-md-6\"><div class=\"form-group psfb-single-container\"><label class=\"control-label\" for=\"psfield_135_1\">Name<span class=\"psfb_required_mark\">*<\/span><\/label><input type=\"text\" required=\"required\" data-required=\"required\" name=\"Name\" placeholder=\"\" value=\"\" class=\"form-control  \" id=\"psfield_135_1\" style=\"\"\/><\/div><\/div><div class=\"col-md-6\"><div class=\"form-group psfb-single-container\"><label class=\"control-label\" for=\"psfield_135_2\">Firma<span class=\"psfb_required_mark\">*<\/span><\/label><input type=\"text\" required=\"required\" data-required=\"required\" name=\"Firma\" placeholder=\"\" value=\"\" class=\"form-control  \" id=\"psfield_135_2\" style=\"\"\/><\/div><\/div><\/div><div class=\"row\"><div class=\"col-md-12\"><div class=\"form-group psfb-single-container\"><label class=\"control-label\" for=\"psfield_135_3\">E-Mail<span class=\"psfb_required_mark\">*<\/span><\/label><input type=\"email\" required=\"required\" data-required=\"required\" name=\"E_Mail\" placeholder=\"\" value=\"\" class=\"form-control  \" id=\"psfield_135_3\" style=\"\"\/><\/div><\/div><\/div><div class=\"row\"><div class=\"col-md-12\"><div class=\"form-group psfb-single-container\"><label class=\"control-label\" for=\"psfield_135_4\">Telefon<span class=\"psfb_required_mark\">*<\/span><\/label><input type=\"tel\" required=\"required\" data-required=\"required\" name=\"Telefon\" placeholder=\"\" value=\"\" class=\"form-control  \" id=\"psfield_135_4\" style=\"\"\/><\/div><\/div><\/div><div class=\"row\"><div class=\"col-md-12\"><div class=\"form-group psfb-single-container\"><label class=\"control-label\" for=\"psfield_135_5\">Betreff<\/label><input type=\"text\" name=\"Betreff\" value=\"\" class=\"form-control  \" id=\"psfield_135_5\" style=\"\"\/><\/div><\/div><\/div><div class=\"row\"><div class=\"col-md-6\"><div class=\"form-group psfb-single-container\"><label class=\"control-label\" for=\"psfield_135_6\">Schulungsauswahl<span class=\"psfb_required_mark\">*<\/span><\/label><div class=\"checkbox_wrapper\"><div class=\"checkbox\"><label class=\"checkbox_wrapper\" style=\"\"><input data-required=\"required\" type=\"checkbox\" value=\"Jahreswechselseminar\" name=\"Schulungsauswahl[]\" id=\"psfield_135_6_1\">Jahreswechselseminar<\/label><\/div><div class=\"checkbox\"><label class=\"checkbox_wrapper\" style=\"\"><input data-required=\"required\" type=\"checkbox\" value=\"Crashkurs betriebliche Altersvorsorge\" name=\"Schulungsauswahl[]\" id=\"psfield_135_6_2\">Crashkurs betriebliche Altersvorsorge<\/label><\/div><div class=\"checkbox\"><label class=\"checkbox_wrapper\" style=\"\"><input data-required=\"required\" type=\"checkbox\" value=\"Crashkurs besondere Personengruppen\" name=\"Schulungsauswahl[]\" id=\"psfield_135_6_3\">Crashkurs besondere Personengruppen<\/label><\/div><div class=\"checkbox\"><label class=\"checkbox_wrapper\" style=\"\"><input data-required=\"required\" type=\"checkbox\" value=\"Grundlagen der Entgeltabrechnung (kompakt)\" name=\"Schulungsauswahl[]\" id=\"psfield_135_6_4\">Grundlagen der Entgeltabrechnung (kompakt)<\/label><\/div><div class=\"checkbox\"><label class=\"checkbox_wrapper\" style=\"\"><input data-required=\"required\" type=\"checkbox\" value=\"Altersteilzeit\" name=\"Schulungsauswahl[]\" id=\"psfield_135_6_5\">Altersteilzeit<\/label><\/div><div class=\"checkbox\"><label class=\"checkbox_wrapper\" style=\"\"><input data-required=\"required\" type=\"checkbox\" value=\"Abrechnung von Rentnern\/Pension\" name=\"Schulungsauswahl[]\" id=\"psfield_135_6_6\">Abrechnung von Rentnern\/Pension<\/label><\/div><div class=\"checkbox\"><label class=\"checkbox_wrapper\" style=\"\"><input data-required=\"required\" type=\"checkbox\" value=\"Studenten\/Praktikanten\" name=\"Schulungsauswahl[]\" id=\"psfield_135_6_7\">Studenten\/Praktikanten<\/label><\/div><div class=\"checkbox\"><label class=\"checkbox_wrapper\" style=\"\"><input data-required=\"required\" type=\"checkbox\" value=\"Geldwerte Vorteile\" name=\"Schulungsauswahl[]\" id=\"psfield_135_6_8\">Geldwerte Vorteile<\/label><\/div><div class=\"checkbox\"><label class=\"checkbox_wrapper\" style=\"\"><input data-required=\"required\" type=\"checkbox\" value=\"Pf\u00e4ndung\" name=\"Schulungsauswahl[]\" id=\"psfield_135_6_9\">Pf\u00e4ndung<\/label><\/div><\/div><\/div><\/div><div class=\"col-md-6\"><div class=\"form-group psfb-single-container\"><label class=\"control-label\" for=\"psfield_135_7\">Ihr Anliegen<span class=\"psfb_required_mark\">*<\/span><\/label><textarea required=\"required\" data-required=\"required\" name=\"Ihr_Anliegen\" placeholder=\"\" class=\"form-control  \" id=\"psfield_135_7\" style=\"\"><\/textarea><\/div><\/div><\/div><div class=\"row\"><div class=\"col-md-12\"><div class=\"form-group psfb-single-container\"><label class=\"control-label\" for=\"psfield_135_8\">Zustimmung Datenschutz<span class=\"psfb_required_mark\">*<\/span><\/label><div class=\"checkbox_wrapper\"><label class=\"checkbox-inline checkbox_wrapper\" style=\"\"><input data-required=\"required\" type=\"checkbox\" value=\"Ich stimme zu\" name=\"Zustimmung_Datenschutz[]\" id=\"psfield_135_8_1\">Ich stimme zu<\/label><\/div><p class=\"help-block\">Ich habe die Datenschutzerkl\u00e4rung zur Kenntnis genommen. Ich stimme zu, dass meine Angaben und Daten zur Beantwortung meiner Anfrage elektronisch erhoben und gespeichert werden. Hinweis: Sie k\u00f6nnen Ihre Einwilligung jederzeit f\u00fcr die Zukunft per E-Mail an info@buchhalter-tumovec.de widerrufen.\n<\/p><\/div><\/div><\/div><div class=\"row\"><div class=\"col-md-12\"><div class=\"form-group psfb-single-container\"><div style=\"position:relative;z-index:1;\"><button type=\"submit\" class=\"btn btn-primary           \" id=\"psfield_135_9\" style=\"\">Senden<\/button><\/div><\/div><\/div><\/div><\/div><\/form>\n\n\n\n<hr class=\"wp-block-separator has-css-opacity\"\/>\n\n\n\n<p class=\"has-medium-font-size\"><strong>Jahreswechselseminar 202<\/strong>6<\/p>\n\n\n\n<p><em>Wir halten Sie auf dem Laufenden! Sie erfahren in der Tagesveranstaltung in komprimierter Form alles Wichtige zu den Jahreswechsel-Themen. Wir bieten Ihnen einen umfassenden \u00dcberblick \u00fcber alle anstehenden Gesetzes\u00e4nderungen und Neuerungen in den Bereichen Arbeitsrecht, Lohnsteuer, Sozialversicherung.<\/em><\/p>\n\n\n\n<p><strong>Termine Lohnbuchhaltung :<\/strong><\/p>\n\n\n\n<ul class=\"wp-block-list\">\n<li>13.01.2026<\/li>\n\n\n\n<li>20.01.2026<\/li>\n<\/ul>\n\n\n\n<p>F\u00fcr weitere Informationen zur Schulung klicken Sie bitte <a href=\"https:\/\/www.buchhalter-tumovec.de\/wp-content\/uploads\/2025\/11\/Jahreswechselseminar-2026.pdf\">hier<\/a>.<\/p>\n\n\n\n<p><strong>Termine Finanzbuchhaltung\/Umsatzsteuer:<\/strong><\/p>\n\n\n\n<ul class=\"wp-block-list\">\n<li>21.01.2026<\/li>\n<\/ul>\n\n\n\n<p>F\u00fcr weiter Informationen zur Schulung klicken Sie bitte <a href=\"https:\/\/www.buchhalter-tumovec.de\/wp-content\/uploads\/2025\/11\/Jahreswechselseminar-2026-BH.pdf\">hier<\/a>.<\/p>\n\n\n\n<p><strong>Termine E-Rechnung:<\/strong><\/p>\n\n\n\n<ul class=\"wp-block-list\">\n<li>05.02.2026<\/li>\n<\/ul>\n\n\n\n<hr class=\"wp-block-separator has-css-opacity\"\/>\n\n\n\n<p style=\"font-size:25px\"><strong>Betriebliche Altersversorgung f\u00fcr Einsteiger<\/strong><\/p>\n\n\n\n<p><em>Diese Schulung dient als Vorbereitung f\u00fcr Entgeltabrechner, die im Bereich der betrieblichen Altersvorsorge neu einsteigen. Sie erfahren, wie die bAV die H\u00f6he der Lohnsteuer und der Sozialversicherungsbeitr\u00e4ge beeinflusst, wo dies auf der Gehaltsabrechnung dargestellt ist und wie Sie diese Zusammenh\u00e4nge den Mitarbeitern verst\u00e4ndlich machen k\u00f6nnen. Der Fokus des Seminars liegt auf den wichtigsten Durchf\u00fchrungswegen und ihre praktische Handhabung im Lohnsteuer- und SV-Recht.<\/em><\/p>\n\n\n\n<p>F\u00fcr weitere Informationen zur Schulung klicken Sie bitte <a href=\"https:\/\/www.buchhalter-tumovec.de\/wp-content\/uploads\/2021\/09\/Betriebliche-Altersversorgung-Tagesschulung.pdf\">hier<\/a>.<\/p>\n\n\n\n<p><strong>Termine<\/strong>:<\/p>\n\n\n\n<ul class=\"wp-block-list\">\n<li>auf Anfrage<\/li>\n<\/ul>\n\n\n\n<hr class=\"wp-block-separator has-css-opacity\"\/>\n\n\n\n<p style=\"font-size:25px\"><strong>besondere Personengruppen<\/strong><\/p>\n\n\n\n<p><em>Besonderheiten in der Abrechnung f\u00fcr Lohnsteuer, Sozialversicherung und Arbeitsrecht. <\/em><\/p>\n\n\n\n<p><strong>Termine<\/strong>: <\/p>\n\n\n\n<ul class=\"wp-block-list\">\n<li>auf Anfrage<\/li>\n<\/ul>\n\n\n\n<p>F\u00fcr weitere Informationen zur Schulung klicken Sie bitte <a href=\"https:\/\/www.buchhalter-tumovec.de\/wp-content\/uploads\/2021\/09\/besondere-Personengruppen-Tagesschulung.pdf\">hier<\/a>.<\/p>\n\n\n\n<hr class=\"wp-block-separator has-css-opacity\"\/>\n\n\n\n<p style=\"font-size:25px\"><strong>Grundlagen der Entgeltabrechnung (kompakt)<\/strong><\/p>\n\n\n\n<p><em>Wer L\u00f6hne und Geh\u00e4lter verantwortlich abrechnen und Haftungsrisiken vermeiden will, braucht ein solides Fachwissen. Vorschriften des Lohnsteuer- und Sozialversicherungsrechts treffen in der Entgeltabrechnung geb\u00fcndelt aufeinander und bergen dazu vielf\u00e4ltige Besonderheiten. In dieser Schulung werden Sie praxisnah, systematisch und anwendungsorientiert mit den Grundlagen der korrekten Lohn- und Gehaltsabrechnung vertraut gemacht.<\/em><\/p>\n\n\n\n<p><strong>Termine:<\/strong>  <\/p>\n\n\n\n<ul class=\"wp-block-list\">\n<li>auf Anfrage<\/li>\n<\/ul>\n\n\n\n<p>F\u00fcr weite Informationen zur Schulung klicken Sie bitte<a href=\"https:\/\/www.buchhalter-tumovec.de\/wp-content\/uploads\/2021\/09\/Grundlagen-der-Entgeltabrechnungkompakt-5-Tage.pdf\"> hier<\/a>.<\/p>\n\n\n\n<hr class=\"wp-block-separator has-css-opacity\"\/>\n\n\n\n<p style=\"font-size:25px\"><strong>Altersteilzeit<\/strong> <\/p>\n\n\n\n<p><em>Diese Schulung dient als Vorbereitung f\u00fcr Entgeltabrechner und Personalverantwortliche, die Altersteilzeit in der Praxis anwenden. Es werden die gesetzlichen Grundlagen durch das Altersteilzeitgesetz er\u00f6rtert und praxisorientiert umgesetzt.<\/em><\/p>\n\n\n\n<p> <strong>Termine<\/strong>:  <\/p>\n\n\n\n<ul class=\"wp-block-list\">\n<li>auf Anfrage<\/li>\n<\/ul>\n\n\n\n<p> F\u00fcr weite Informationen zur Schulung klicken Sie bitte<a href=\"https:\/\/www.buchhalter-tumovec.de\/wp-content\/uploads\/2020\/10\/Altersteilzeit-Tagesschulung.pdf\"> <\/a><a href=\"https:\/\/www.buchhalter-tumovec.de\/wp-content\/uploads\/2021\/09\/Altersteilzeit-Tagesschulung.pdf\">hier<\/a>.<\/p>\n\n\n\n<hr class=\"wp-block-separator has-css-opacity\"\/>\n\n\n\n<p style=\"font-size:25px\"> <strong>Abrechnung von Rentnern\/Pension<\/strong> <\/p>\n\n\n\n<p><em>Diese Schulung gibt Entgeltabrechnern die Grundlagen zur Abrechnung von Beriebsrentner und Pension\u00e4ren. Es wird besonderer Augenmerk auf das Zahlstellenverfahren gelegt. Des Weiteren wird auf die Besonderheiten der Besteuerung eingegangen.<\/em><\/p>\n\n\n\n<p> <strong>Termine<\/strong>:   <\/p>\n\n\n\n<ul class=\"wp-block-list\">\n<li>auf Anfrage<\/li>\n<\/ul>\n\n\n\n<p>F\u00fcr weitere Informationen zur Schulung klicken Sie bitte <a href=\"https:\/\/www.buchhalter-tumovec.de\/wp-content\/uploads\/2021\/09\/Abrechnung-von-Rentnern-und-Pension\u00e4ren-Tagesschulung.pdf\">hier<\/a>.<\/p>\n\n\n\n<hr class=\"wp-block-separator has-css-opacity\"\/>\n\n\n\n<p style=\"font-size:25px\"> <strong>Studenten\/Praktikanten<\/strong> <\/p>\n\n\n\n<p>Diese Schulung gibt Entgeltabrechnern und Personalverantwortlichen die wichtigsten Grundlagen zur Beurteilung der Besch\u00e4ftigung von Studenten und Praktikanten. Des Weiteren werden Steuerrechtliche und Sozialversicherungsrechtliche Grundlagen zur Abrechnung dieser Personenkreise dargelegt.<\/p>\n\n\n\n<p> <strong>Termine<\/strong>:  <\/p>\n\n\n\n<ul class=\"wp-block-list\">\n<li>auf Anfrage<\/li>\n<\/ul>\n\n\n\n<p> F\u00fcr weitere Informationen zur Schulung klicken Sie bitte <a href=\"https:\/\/www.buchhalter-tumovec.de\/wp-content\/uploads\/2021\/09\/Studenten-und-Praktikanten-Tagesschulung.pdf\">hier<\/a>.<\/p>\n\n\n\n<hr class=\"wp-block-separator has-css-opacity\"\/>\n\n\n\n<p style=\"font-size:25px\"> <strong>Geldwerte Vorteile (Firmenwagen &amp; Rabatte)<\/strong> <\/p>\n\n\n\n<p><em>Diese Schulung vermittelt die Grundlagen zur Abrechnung von geldwerten Vorteilen. Speziell den Dienstwagen und die Rabattregelungen.<\/em><\/p>\n\n\n\n<p> <strong>Termine<\/strong>:   <\/p>\n\n\n\n<ul class=\"wp-block-list\">\n<li>auf Anfrage<\/li>\n<\/ul>\n\n\n\n<p> F\u00fcr weitere Informationen zur Schulung klicken Sie bitte <a href=\"https:\/\/www.buchhalter-tumovec.de\/wp-content\/uploads\/2021\/09\/Geldwerte-Vorteile-Tagesschulung.pdf\">hier<\/a>.<\/p>\n\n\n\n<hr class=\"wp-block-separator has-css-opacity\"\/>\n\n\n\n<p style=\"font-size:25px\"><strong>Pf\u00e4ndung<\/strong><\/p>\n\n\n\n<p><em>Diese Schulung dient als Vorbereitung f\u00fcr Entgeltabrechner, die im Bereich der Pf\u00e4ndung neu einsteigen. Sie erfahren wie Sie die komplizierten Regelungen im Pf\u00e4ndungsrecht korrekt umsetzen. Erfahren Sie die Grundlagen der Zivilprozessordnung uns setzen Sie diese in der Praxis um.<\/em><\/p>\n\n\n\n<p><strong>Termine:<\/strong><\/p>\n\n\n\n<ul class=\"wp-block-list\">\n<li>auf Anfrage<\/li>\n<\/ul>\n\n\n\n<p>F\u00fcr weitere Informationen zur Schulung klicken Sie bitte<a href=\"https:\/\/www.buchhalter-tumovec.de\/wp-content\/uploads\/2021\/09\/Pf\u00e4ndung-Tagesschulung.pdf\"> hier.<\/a><\/p>\n\n\n<p>\n<!--StartFragment--><\/p>\n\n\n<p style=\"font-size:25px\"><strong>Mutterschutz<\/strong><\/p>\n\n\n\n<p><em>Diese Schulung besch\u00e4ftigt sich mit den gesetztlichen Grundlagen des Mutterschutzes laut Mutterchutzgesetz. Schutzfristen, Besch\u00e4ftigungsverbot und Zuschuss zum Mutterschaftsgeld.<\/em><\/p>\n\n\n\n<p><strong>Termine:<\/strong><\/p>\n\n\n\n<ul class=\"wp-block-list\">\n<li>auf Anfrage<\/li>\n<\/ul>\n\n\n\n<p><\/p>\n\n\n<p><!--EndFragment--><\/p>","protected":false},"excerpt":{"rendered":"<p>Indiviuelle Termine zu unseren Schulungen sind gern auf Anfrage m\u00f6glich. Wir bieten unsere Lehrg\u00e4nge als Pr\u00e4senzschulung oder als Onlineschulung an. In Hinsicht auf die f\u00fcr uns schwierige Zeit konnten wir f\u00fcr uns neue Vorteile entdecken. die Onlineschulung! F\u00fcr Sie hat dieses Variante viele Vorteile: F\u00fcr Anmeldungen oder Anfragen nutzen Sie bitte unser Kontaktformular. Jahreswechselseminar 2026<a href=\"https:\/\/www.buchhalter-tumovec.de\/?page_id=124\">[&#8230;]<\/a><\/p>\n","protected":false},"author":2,"featured_media":0,"parent":0,"menu_order":5,"comment_status":"closed","ping_status":"closed","template":"","meta":{"footnotes":""},"class_list":["post-124","page","type-page","status-publish","hentry"],"_links":{"self":[{"href":"https:\/\/www.buchhalter-tumovec.de\/index.php?rest_route=\/wp\/v2\/pages\/124","targetHints":{"allow":["GET"]}}],"collection":[{"href":"https:\/\/www.buchhalter-tumovec.de\/index.php?rest_route=\/wp\/v2\/pages"}],"about":[{"href":"https:\/\/www.buchhalter-tumovec.de\/index.php?rest_route=\/wp\/v2\/types\/page"}],"author":[{"embeddable":true,"href":"https:\/\/www.buchhalter-tumovec.de\/index.php?rest_route=\/wp\/v2\/users\/2"}],"replies":[{"embeddable":true,"href":"https:\/\/www.buchhalter-tumovec.de\/index.php?rest_route=%2Fwp%2Fv2%2Fcomments&post=124"}],"version-history":[{"count":96,"href":"https:\/\/www.buchhalter-tumovec.de\/index.php?rest_route=\/wp\/v2\/pages\/124\/revisions"}],"predecessor-version":[{"id":423,"href":"https:\/\/www.buchhalter-tumovec.de\/index.php?rest_route=\/wp\/v2\/pages\/124\/revisions\/423"}],"wp:attachment":[{"href":"https:\/\/www.buchhalter-tumovec.de\/index.php?rest_route=%2Fwp%2Fv2%2Fmedia&parent=124"}],"curies":[{"name":"wp","href":"https:\/\/api.w.org\/{rel}","templated":true}]}}